{"id":3361,"date":"2022-10-04T10:23:44","date_gmt":"2022-10-04T15:23:44","guid":{"rendered":"http:\/\/localhost\/turismo\/?page_id=3361"},"modified":"2022-11-25T14:59:48","modified_gmt":"2022-11-25T19:59:48","slug":"donde-hospedarse","status":"publish","type":"page","link":"http:\/\/187.157.177.119\/pruebas\/turismo\/donde-hospedarse\/","title":{"rendered":"\u00bfD\u00f3nde hospedarse?"},"content":{"rendered":"<p>[vc_row full_width=&#8221;stretch_row&#8221;][vc_column][vc_column_text]<\/p>\n<h1 class=\"title-black\" style=\"text-align: center;\">SE UN COZUMELE\u00d1O<br \/>\n<span class=\"turquesa\">POR UNOS D\u00cdAS<\/span><\/h1>\n<h4 style=\"text-align: center;\">En Cozumel, contamos con varias opciones de hospedaje para que tengas un sitio donde descansar despu\u00e9s de recorrer los atractivos del cielo en la tierra en Cozumel.<\/h4>\n<p>[\/vc_column_text][vc_empty_space][vc_wp_search]<div class=\"qodef-tours-list-holder qodef-tours-row qodef-tr-normal-space qodef-tours-columns-3 qodef-tours-type-standard\">\n\t\t\t\t\t\t<div class=\"qodef-tours-list-pagination-data\">\n\t\t\t\t<input type=\"hidden\" name=\"number\" value=\"12\">\n\t\t\t\t<input type=\"hidden\" name=\"order_by\" value=\"menu_order\">\n\t\t\t\t<input type=\"hidden\" name=\"order\" value=\"ASC\">\n\t\t\t\t<input type=\"hidden\" name=\"tour_category\" value=\"hospedaje\">\n\t\t\t\t<input type=\"hidden\" name=\"destination\" value=\"\">\n\t\t\t\t<input type=\"hidden\" name=\"thumb_size\" value=\"full\">\n\t\t\t\t<input type=\"hidden\" name=\"next_page\" value=\"2\">\n\t\t\t\t<input type=\"hidden\" name=\"tour_type\" value=\"standard\">\n\t\t\t\t<input type=\"hidden\" name=\"image_size\" value=\"full\">\n\t\t\t\t<input type=\"hidden\" name=\"title_tag\" value=\"h4\">\n\t\t\t\t<input type=\"hidden\" name=\"text_length\" value=\"90\">\n\t\t\t<\/div>\n\t\t\n\t\t\n        <div class=\"qodef-tours-list-holder-inner qodef-tours-row-inner-holder\">\n\t\t\t<div class=\"qodef-tours-list-grid-sizer\"><\/div>\n\t\t\t\t\t<div class=\"qodef-tours-standard-item qodef-tours-row-item post-3927 tour-item type-tour-item status-publish has-post-thumbnail hentry tour-category-3-estrellas tour-category-hospedaje\">\n\t\t\t<div class=\"qodef-tours-standard-item-image-holder\">\n\t\t\t<a href=\"http:\/\/187.157.177.119\/pruebas\/turismo\/tour-item\/la-casona-real\/\">\n\t\t\t\t<img width=\"920\" height=\"760\" src=\"http:\/\/187.157.177.119\/pruebas\/turismo\/wp-content\/uploads\/2022\/10\/casona-real-listas.jpg\" class=\"attachment-full size-full\" alt=\"\" loading=\"lazy\" srcset=\"http:\/\/187.157.177.119\/pruebas\/turismo\/wp-content\/uploads\/2022\/10\/casona-real-listas.jpg 920w, http:\/\/187.157.177.119\/pruebas\/turismo\/wp-content\/uploads\/2022\/10\/casona-real-listas-300x248.jpg 300w, http:\/\/187.157.177.119\/pruebas\/turismo\/wp-content\/uploads\/2022\/10\/casona-real-listas-768x634.jpg 768w\" sizes=\"(max-width: 920px) 100vw, 920px\" \/>\t\t\t<\/a>\n\t\t\t\t\t<\/div>\n\t\n\t<div class=\"qodef-tours-standard-item-content-holder\">\n\t\t<div class=\"qodef-tours-standard-item-content-inner\">\n\t\t\t<div class=\"qodef-tours-standard-item-title-price-holder\">\n\t\t\t\t<h4 class=\"qodef-tour-title\">\n\t\t\t\t\t<a href=\"http:\/\/187.157.177.119\/pruebas\/turismo\/tour-item\/la-casona-real\/\">La Casona Real<\/a>\n\t\t\t\t<\/h4>\n\t\t\t\t<span class=\"qodef-tours-standard-item-price-holder\">\n\t\t\t\t\t\n\t\t<span class=\"qodef-tours-price-holder\">\n\t\t\t\t\t\t\t\t<\/span>\n\n\t\t\t\t\t\t<\/span>\n\t\t\t<\/div>\n\t\n\t\t\t\t\n\t\t\t\t\t\t\t<div class=\"qodef-tours-standard-item-excerpt\">\n\t\t\t\t\tLa Casona Real ofrece un servicio de clase mundial de hospedaje, operando con calidad certificada...\t\t\t\t<\/div>\n\t\t\t\t\t<\/div>\n\t\t<div class=\"qodef-tours-standard-item-bottom-content\">\n\t\t\t\n\t\t\t\t\t<\/div>\n\t<\/div>\n<\/div>\t\t<div class=\"qodef-tours-standard-item qodef-tours-row-item post-3976 tour-item type-tour-item status-publish has-post-thumbnail hentry tour-category-2-estrellas tour-category-hospedaje\">\n\t\t\t<div class=\"qodef-tours-standard-item-image-holder\">\n\t\t\t<a href=\"http:\/\/187.157.177.119\/pruebas\/turismo\/tour-item\/bello-caribe\/\">\n\t\t\t\t<img width=\"920\" height=\"760\" src=\"http:\/\/187.157.177.119\/pruebas\/turismo\/wp-content\/uploads\/2022\/10\/bello-caribe-listas.jpg\" class=\"attachment-full size-full\" alt=\"\" loading=\"lazy\" srcset=\"http:\/\/187.157.177.119\/pruebas\/turismo\/wp-content\/uploads\/2022\/10\/bello-caribe-listas.jpg 920w, http:\/\/187.157.177.119\/pruebas\/turismo\/wp-content\/uploads\/2022\/10\/bello-caribe-listas-300x248.jpg 300w, http:\/\/187.157.177.119\/pruebas\/turismo\/wp-content\/uploads\/2022\/10\/bello-caribe-listas-768x634.jpg 768w\" sizes=\"(max-width: 920px) 100vw, 920px\" \/>\t\t\t<\/a>\n\t\t\t\t\t<\/div>\n\t\n\t<div class=\"qodef-tours-standard-item-content-holder\">\n\t\t<div class=\"qodef-tours-standard-item-content-inner\">\n\t\t\t<div class=\"qodef-tours-standard-item-title-price-holder\">\n\t\t\t\t<h4 class=\"qodef-tour-title\">\n\t\t\t\t\t<a href=\"http:\/\/187.157.177.119\/pruebas\/turismo\/tour-item\/bello-caribe\/\">Bello Caribe<\/a>\n\t\t\t\t<\/h4>\n\t\t\t\t<span class=\"qodef-tours-standard-item-price-holder\">\n\t\t\t\t\t\n\t\t<span class=\"qodef-tours-price-holder\">\n\t\t\t\t\t\t\t\t<\/span>\n\n\t\t\t\t\t\t<\/span>\n\t\t\t<\/div>\n\t\n\t\t\t\t\n\t\t\t\t\t\t\t<div class=\"qodef-tours-standard-item-excerpt\">\n\t\t\t\t\tEl Hotel Bello Caribe se encuentra en Cozumel, a 2,7 km de Isla Pasi\u00f3n Weddings, y ofrece alojamiento...\t\t\t\t<\/div>\n\t\t\t\t\t<\/div>\n\t\t<div class=\"qodef-tours-standard-item-bottom-content\">\n\t\t\t\n\t\t\t\t\t<\/div>\n\t<\/div>\n<\/div>\t\t<div class=\"qodef-tours-standard-item qodef-tours-row-item post-4031 tour-item type-tour-item status-publish has-post-thumbnail hentry tour-category-5-estrellas tour-category-day-pass tour-category-hospedaje\">\n\t\t\t<div class=\"qodef-tours-standard-item-image-holder\">\n\t\t\t<a href=\"http:\/\/187.157.177.119\/pruebas\/turismo\/tour-item\/cozumel-palace\/\">\n\t\t\t\t<img width=\"920\" height=\"760\" src=\"http:\/\/187.157.177.119\/pruebas\/turismo\/wp-content\/uploads\/2022\/10\/cozumel-palace-listas.jpg\" class=\"attachment-full size-full\" alt=\"\" loading=\"lazy\" srcset=\"http:\/\/187.157.177.119\/pruebas\/turismo\/wp-content\/uploads\/2022\/10\/cozumel-palace-listas.jpg 920w, http:\/\/187.157.177.119\/pruebas\/turismo\/wp-content\/uploads\/2022\/10\/cozumel-palace-listas-300x248.jpg 300w, http:\/\/187.157.177.119\/pruebas\/turismo\/wp-content\/uploads\/2022\/10\/cozumel-palace-listas-768x634.jpg 768w\" sizes=\"(max-width: 920px) 100vw, 920px\" \/>\t\t\t<\/a>\n\t\t\t\t\t<\/div>\n\t\n\t<div class=\"qodef-tours-standard-item-content-holder\">\n\t\t<div class=\"qodef-tours-standard-item-content-inner\">\n\t\t\t<div class=\"qodef-tours-standard-item-title-price-holder\">\n\t\t\t\t<h4 class=\"qodef-tour-title\">\n\t\t\t\t\t<a href=\"http:\/\/187.157.177.119\/pruebas\/turismo\/tour-item\/cozumel-palace\/\">Cozumel Palace<\/a>\n\t\t\t\t<\/h4>\n\t\t\t\t<span class=\"qodef-tours-standard-item-price-holder\">\n\t\t\t\t\t\n\t\t<span class=\"qodef-tours-price-holder\">\n\t\t\t\t\t\t\t\t<\/span>\n\n\t\t\t\t\t\t<\/span>\n\t\t\t<\/div>\n\t\n\t\t\t\t\n\t\t\t\t\t\t\t<div class=\"qodef-tours-standard-item-excerpt\">\n\t\t\t\t\tSum\u00e9rgete en el lujo de Cozumel Palace, el resort Todo Incluido n\u00famero uno en Cozumel para...\t\t\t\t<\/div>\n\t\t\t\t\t<\/div>\n\t\t<div class=\"qodef-tours-standard-item-bottom-content\">\n\t\t\t\n\t\t\t\t\t<\/div>\n\t<\/div>\n<\/div>\t\t<div class=\"qodef-tours-standard-item qodef-tours-row-item post-3930 tour-item type-tour-item status-publish has-post-thumbnail hentry tour-category-3-estrellas tour-category-hospedaje\">\n\t\t\t<div class=\"qodef-tours-standard-item-image-holder\">\n\t\t\t<a href=\"http:\/\/187.157.177.119\/pruebas\/turismo\/tour-item\/hacienda-san-miguel-suites-hotel\/\">\n\t\t\t\t<img width=\"920\" height=\"760\" src=\"http:\/\/187.157.177.119\/pruebas\/turismo\/wp-content\/uploads\/2022\/10\/hotel-san-miguel-listas.jpg\" class=\"attachment-full size-full\" alt=\"\" loading=\"lazy\" srcset=\"http:\/\/187.157.177.119\/pruebas\/turismo\/wp-content\/uploads\/2022\/10\/hotel-san-miguel-listas.jpg 920w, http:\/\/187.157.177.119\/pruebas\/turismo\/wp-content\/uploads\/2022\/10\/hotel-san-miguel-listas-300x248.jpg 300w, http:\/\/187.157.177.119\/pruebas\/turismo\/wp-content\/uploads\/2022\/10\/hotel-san-miguel-listas-768x634.jpg 768w\" sizes=\"(max-width: 920px) 100vw, 920px\" \/>\t\t\t<\/a>\n\t\t\t\t\t<\/div>\n\t\n\t<div class=\"qodef-tours-standard-item-content-holder\">\n\t\t<div class=\"qodef-tours-standard-item-content-inner\">\n\t\t\t<div class=\"qodef-tours-standard-item-title-price-holder\">\n\t\t\t\t<h4 class=\"qodef-tour-title\">\n\t\t\t\t\t<a href=\"http:\/\/187.157.177.119\/pruebas\/turismo\/tour-item\/hacienda-san-miguel-suites-hotel\/\">Hacienda San Miguel Suites &#038; Hotel<\/a>\n\t\t\t\t<\/h4>\n\t\t\t\t<span class=\"qodef-tours-standard-item-price-holder\">\n\t\t\t\t\t\n\t\t<span class=\"qodef-tours-price-holder\">\n\t\t\t\t\t\t\t\t<\/span>\n\n\t\t\t\t\t\t<\/span>\n\t\t\t<\/div>\n\t\n\t\t\t\t\n\t\t\t\t\t\t\t<div class=\"qodef-tours-standard-item-excerpt\">\n\t\t\t\t\tEste peque\u00f1o y acogedor hotel fue inspirado en la aut\u00e9ntica arquitectura colonial...\t\t\t\t<\/div>\n\t\t\t\t\t<\/div>\n\t\t<div class=\"qodef-tours-standard-item-bottom-content\">\n\t\t\t\n\t\t\t\t\t<\/div>\n\t<\/div>\n<\/div>\t\t<div class=\"qodef-tours-standard-item qodef-tours-row-item post-3979 tour-item type-tour-item status-publish has-post-thumbnail hentry tour-category-2-estrellas tour-category-hospedaje\">\n\t\t\t<div class=\"qodef-tours-standard-item-image-holder\">\n\t\t\t<a href=\"http:\/\/187.157.177.119\/pruebas\/turismo\/tour-item\/safari-inn\/\">\n\t\t\t\t<img width=\"920\" height=\"760\" src=\"http:\/\/187.157.177.119\/pruebas\/turismo\/wp-content\/uploads\/2022\/10\/safari-in-listas.jpg\" class=\"attachment-full size-full\" alt=\"\" loading=\"lazy\" srcset=\"http:\/\/187.157.177.119\/pruebas\/turismo\/wp-content\/uploads\/2022\/10\/safari-in-listas.jpg 920w, http:\/\/187.157.177.119\/pruebas\/turismo\/wp-content\/uploads\/2022\/10\/safari-in-listas-300x248.jpg 300w, http:\/\/187.157.177.119\/pruebas\/turismo\/wp-content\/uploads\/2022\/10\/safari-in-listas-768x634.jpg 768w\" sizes=\"(max-width: 920px) 100vw, 920px\" \/>\t\t\t<\/a>\n\t\t\t\t\t<\/div>\n\t\n\t<div class=\"qodef-tours-standard-item-content-holder\">\n\t\t<div class=\"qodef-tours-standard-item-content-inner\">\n\t\t\t<div class=\"qodef-tours-standard-item-title-price-holder\">\n\t\t\t\t<h4 class=\"qodef-tour-title\">\n\t\t\t\t\t<a href=\"http:\/\/187.157.177.119\/pruebas\/turismo\/tour-item\/safari-inn\/\">Aqua Safari Inn<\/a>\n\t\t\t\t<\/h4>\n\t\t\t\t<span class=\"qodef-tours-standard-item-price-holder\">\n\t\t\t\t\t\n\t\t<span class=\"qodef-tours-price-holder\">\n\t\t\t\t\t\t\t\t<\/span>\n\n\t\t\t\t\t\t<\/span>\n\t\t\t<\/div>\n\t\n\t\t\t\t\n\t\t\t\t\t\t\t<div class=\"qodef-tours-standard-item-excerpt\">\n\t\t\t\t\tSafari Inn es un peque\u00f1o y acogedor hotel con 12 habitaciones con los servicios necesarios...\t\t\t\t<\/div>\n\t\t\t\t\t<\/div>\n\t\t<div class=\"qodef-tours-standard-item-bottom-content\">\n\t\t\t\n\t\t\t\t\t<\/div>\n\t<\/div>\n<\/div>\t\t<div class=\"qodef-tours-standard-item qodef-tours-row-item post-4034 tour-item type-tour-item status-publish has-post-thumbnail hentry tour-category-3-estrellas tour-category-hospedaje\">\n\t\t\t<div class=\"qodef-tours-standard-item-image-holder\">\n\t\t\t<a href=\"http:\/\/187.157.177.119\/pruebas\/turismo\/tour-item\/suites-colonial\/\">\n\t\t\t\t<img width=\"920\" height=\"760\" src=\"http:\/\/187.157.177.119\/pruebas\/turismo\/wp-content\/uploads\/2022\/10\/suites-colonial-listas.jpg\" class=\"attachment-full size-full\" alt=\"\" loading=\"lazy\" srcset=\"http:\/\/187.157.177.119\/pruebas\/turismo\/wp-content\/uploads\/2022\/10\/suites-colonial-listas.jpg 920w, http:\/\/187.157.177.119\/pruebas\/turismo\/wp-content\/uploads\/2022\/10\/suites-colonial-listas-300x248.jpg 300w, http:\/\/187.157.177.119\/pruebas\/turismo\/wp-content\/uploads\/2022\/10\/suites-colonial-listas-768x634.jpg 768w\" sizes=\"(max-width: 920px) 100vw, 920px\" \/>\t\t\t<\/a>\n\t\t\t\t\t<\/div>\n\t\n\t<div class=\"qodef-tours-standard-item-content-holder\">\n\t\t<div class=\"qodef-tours-standard-item-content-inner\">\n\t\t\t<div class=\"qodef-tours-standard-item-title-price-holder\">\n\t\t\t\t<h4 class=\"qodef-tour-title\">\n\t\t\t\t\t<a href=\"http:\/\/187.157.177.119\/pruebas\/turismo\/tour-item\/suites-colonial\/\">Suites Colonial<\/a>\n\t\t\t\t<\/h4>\n\t\t\t\t<span class=\"qodef-tours-standard-item-price-holder\">\n\t\t\t\t\t\n\t\t<span class=\"qodef-tours-price-holder\">\n\t\t\t\t\t\t\t\t<\/span>\n\n\t\t\t\t\t\t<\/span>\n\t\t\t<\/div>\n\t\n\t\t\t\t\n\t\t\t\t\t\t\t<div class=\"qodef-tours-standard-item-excerpt\">\n\t\t\t\t\tEn las Suites Colonial, quedar\u00e1s encantado con su relajado estilo contempor\u00e1neo y la calidez...\t\t\t\t<\/div>\n\t\t\t\t\t<\/div>\n\t\t<div class=\"qodef-tours-standard-item-bottom-content\">\n\t\t\t\n\t\t\t\t\t<\/div>\n\t<\/div>\n<\/div>\t\t<div class=\"qodef-tours-standard-item qodef-tours-row-item post-3933 tour-item type-tour-item status-publish has-post-thumbnail hentry tour-category-3-estrellas tour-category-hospedaje\">\n\t\t\t<div class=\"qodef-tours-standard-item-image-holder\">\n\t\t\t<a href=\"http:\/\/187.157.177.119\/pruebas\/turismo\/tour-item\/hotel-el-marques\/\">\n\t\t\t\t<img width=\"920\" height=\"760\" src=\"http:\/\/187.157.177.119\/pruebas\/turismo\/wp-content\/uploads\/2022\/10\/el-marques-listas.jpg\" class=\"attachment-full size-full\" alt=\"\" loading=\"lazy\" srcset=\"http:\/\/187.157.177.119\/pruebas\/turismo\/wp-content\/uploads\/2022\/10\/el-marques-listas.jpg 920w, http:\/\/187.157.177.119\/pruebas\/turismo\/wp-content\/uploads\/2022\/10\/el-marques-listas-300x248.jpg 300w, http:\/\/187.157.177.119\/pruebas\/turismo\/wp-content\/uploads\/2022\/10\/el-marques-listas-768x634.jpg 768w\" sizes=\"(max-width: 920px) 100vw, 920px\" \/>\t\t\t<\/a>\n\t\t\t\t\t<\/div>\n\t\n\t<div class=\"qodef-tours-standard-item-content-holder\">\n\t\t<div class=\"qodef-tours-standard-item-content-inner\">\n\t\t\t<div class=\"qodef-tours-standard-item-title-price-holder\">\n\t\t\t\t<h4 class=\"qodef-tour-title\">\n\t\t\t\t\t<a href=\"http:\/\/187.157.177.119\/pruebas\/turismo\/tour-item\/hotel-el-marques\/\">Hotel El Marqu\u00e9s<\/a>\n\t\t\t\t<\/h4>\n\t\t\t\t<span class=\"qodef-tours-standard-item-price-holder\">\n\t\t\t\t\t\n\t\t<span class=\"qodef-tours-price-holder\">\n\t\t\t\t\t\t\t\t<\/span>\n\n\t\t\t\t\t\t<\/span>\n\t\t\t<\/div>\n\t\n\t\t\t\t\n\t\t\t\t\t\t\t<div class=\"qodef-tours-standard-item-excerpt\">\n\t\t\t\t\tHotel El Marqu\u00e9s, est\u00e1 situado en el centro de la isla, cuenta con habitaciones c\u00f3modas, cerca...\t\t\t\t<\/div>\n\t\t\t\t\t<\/div>\n\t\t<div class=\"qodef-tours-standard-item-bottom-content\">\n\t\t\t\n\t\t\t\t\t<\/div>\n\t<\/div>\n<\/div>\t\t<div class=\"qodef-tours-standard-item qodef-tours-row-item post-3982 tour-item type-tour-item status-publish has-post-thumbnail hentry tour-category-3-estrellas tour-category-hospedaje\">\n\t\t\t<div class=\"qodef-tours-standard-item-image-holder\">\n\t\t\t<a href=\"http:\/\/187.157.177.119\/pruebas\/turismo\/tour-item\/isla-esmeralda\/\">\n\t\t\t\t<img width=\"920\" height=\"760\" src=\"http:\/\/187.157.177.119\/pruebas\/turismo\/wp-content\/uploads\/2022\/10\/isla-esmeralda-listas.jpg\" class=\"attachment-full size-full\" alt=\"\" loading=\"lazy\" srcset=\"http:\/\/187.157.177.119\/pruebas\/turismo\/wp-content\/uploads\/2022\/10\/isla-esmeralda-listas.jpg 920w, http:\/\/187.157.177.119\/pruebas\/turismo\/wp-content\/uploads\/2022\/10\/isla-esmeralda-listas-300x248.jpg 300w, http:\/\/187.157.177.119\/pruebas\/turismo\/wp-content\/uploads\/2022\/10\/isla-esmeralda-listas-768x634.jpg 768w\" sizes=\"(max-width: 920px) 100vw, 920px\" \/>\t\t\t<\/a>\n\t\t\t\t\t<\/div>\n\t\n\t<div class=\"qodef-tours-standard-item-content-holder\">\n\t\t<div class=\"qodef-tours-standard-item-content-inner\">\n\t\t\t<div class=\"qodef-tours-standard-item-title-price-holder\">\n\t\t\t\t<h4 class=\"qodef-tour-title\">\n\t\t\t\t\t<a href=\"http:\/\/187.157.177.119\/pruebas\/turismo\/tour-item\/isla-esmeralda\/\">Isla Esmeralda<\/a>\n\t\t\t\t<\/h4>\n\t\t\t\t<span class=\"qodef-tours-standard-item-price-holder\">\n\t\t\t\t\t\n\t\t<span class=\"qodef-tours-price-holder\">\n\t\t\t\t\t\t\t\t<\/span>\n\n\t\t\t\t\t\t<\/span>\n\t\t\t<\/div>\n\t\n\t\t\t\t\n\t\t\t\t\t\t\t<div class=\"qodef-tours-standard-item-excerpt\">\n\t\t\t\t\tEl Hotel Isla Esmeralda se encuentra en Cozumel y ofrece piscina, sal\u00f3n compartido, jard\u00edn, vistas al...\t\t\t\t<\/div>\n\t\t\t\t\t<\/div>\n\t\t<div class=\"qodef-tours-standard-item-bottom-content\">\n\t\t\t\n\t\t\t\t\t<\/div>\n\t<\/div>\n<\/div>\t\t<div class=\"qodef-tours-standard-item qodef-tours-row-item post-4037 tour-item type-tour-item status-publish has-post-thumbnail hentry tour-category-3-estrellas tour-category-hospedaje\">\n\t\t\t<div class=\"qodef-tours-standard-item-image-holder\">\n\t\t\t<a href=\"http:\/\/187.157.177.119\/pruebas\/turismo\/tour-item\/suites-bahia\/\">\n\t\t\t\t<img width=\"920\" height=\"760\" src=\"http:\/\/187.157.177.119\/pruebas\/turismo\/wp-content\/uploads\/2022\/10\/suites-bahia-listas.jpg\" class=\"attachment-full size-full\" alt=\"\" loading=\"lazy\" srcset=\"http:\/\/187.157.177.119\/pruebas\/turismo\/wp-content\/uploads\/2022\/10\/suites-bahia-listas.jpg 920w, http:\/\/187.157.177.119\/pruebas\/turismo\/wp-content\/uploads\/2022\/10\/suites-bahia-listas-300x248.jpg 300w, http:\/\/187.157.177.119\/pruebas\/turismo\/wp-content\/uploads\/2022\/10\/suites-bahia-listas-768x634.jpg 768w\" sizes=\"(max-width: 920px) 100vw, 920px\" \/>\t\t\t<\/a>\n\t\t\t\t\t<\/div>\n\t\n\t<div class=\"qodef-tours-standard-item-content-holder\">\n\t\t<div class=\"qodef-tours-standard-item-content-inner\">\n\t\t\t<div class=\"qodef-tours-standard-item-title-price-holder\">\n\t\t\t\t<h4 class=\"qodef-tour-title\">\n\t\t\t\t\t<a href=\"http:\/\/187.157.177.119\/pruebas\/turismo\/tour-item\/suites-bahia\/\">Suites Bah\u00eda<\/a>\n\t\t\t\t<\/h4>\n\t\t\t\t<span class=\"qodef-tours-standard-item-price-holder\">\n\t\t\t\t\t\n\t\t<span class=\"qodef-tours-price-holder\">\n\t\t\t\t\t\t\t\t<\/span>\n\n\t\t\t\t\t\t<\/span>\n\t\t\t<\/div>\n\t\n\t\t\t\t\n\t\t\t\t\t\t\t<div class=\"qodef-tours-standard-item-excerpt\">\n\t\t\t\t\tElija entre las 27 grandes y acogedoras habitaciones ideales para vivir una aventura de buceo, un...\t\t\t\t<\/div>\n\t\t\t\t\t<\/div>\n\t\t<div class=\"qodef-tours-standard-item-bottom-content\">\n\t\t\t\n\t\t\t\t\t<\/div>\n\t<\/div>\n<\/div>\t\t<div class=\"qodef-tours-standard-item qodef-tours-row-item post-3936 tour-item type-tour-item status-publish has-post-thumbnail hentry tour-category-3-estrellas tour-category-hospedaje\">\n\t\t\t<div class=\"qodef-tours-standard-item-image-holder\">\n\t\t\t<a href=\"http:\/\/187.157.177.119\/pruebas\/turismo\/tour-item\/hotel-hermanos-aguilar\/\">\n\t\t\t\t<img width=\"920\" height=\"760\" src=\"http:\/\/187.157.177.119\/pruebas\/turismo\/wp-content\/uploads\/2022\/10\/hermanos-aguilar-listas.jpg\" class=\"attachment-full size-full\" alt=\"\" loading=\"lazy\" srcset=\"http:\/\/187.157.177.119\/pruebas\/turismo\/wp-content\/uploads\/2022\/10\/hermanos-aguilar-listas.jpg 920w, http:\/\/187.157.177.119\/pruebas\/turismo\/wp-content\/uploads\/2022\/10\/hermanos-aguilar-listas-300x248.jpg 300w, http:\/\/187.157.177.119\/pruebas\/turismo\/wp-content\/uploads\/2022\/10\/hermanos-aguilar-listas-768x634.jpg 768w\" sizes=\"(max-width: 920px) 100vw, 920px\" \/>\t\t\t<\/a>\n\t\t\t\t\t<\/div>\n\t\n\t<div class=\"qodef-tours-standard-item-content-holder\">\n\t\t<div class=\"qodef-tours-standard-item-content-inner\">\n\t\t\t<div class=\"qodef-tours-standard-item-title-price-holder\">\n\t\t\t\t<h4 class=\"qodef-tour-title\">\n\t\t\t\t\t<a href=\"http:\/\/187.157.177.119\/pruebas\/turismo\/tour-item\/hotel-hermanos-aguilar\/\">Hotel Hermanos Aguilar<\/a>\n\t\t\t\t<\/h4>\n\t\t\t\t<span class=\"qodef-tours-standard-item-price-holder\">\n\t\t\t\t\t\n\t\t<span class=\"qodef-tours-price-holder\">\n\t\t\t\t\t\t\t\t<\/span>\n\n\t\t\t\t\t\t<\/span>\n\t\t\t<\/div>\n\t\n\t\t\t\t\n\t\t\t\t\t\t\t<div class=\"qodef-tours-standard-item-excerpt\">\n\t\t\t\t\tHotel Hermanos Aguilar es una buena elecci\u00f3n para los viajeros que visiten Cozumel, ya que...\t\t\t\t<\/div>\n\t\t\t\t\t<\/div>\n\t\t<div class=\"qodef-tours-standard-item-bottom-content\">\n\t\t\t\n\t\t\t\t\t<\/div>\n\t<\/div>\n<\/div>\t\t<div class=\"qodef-tours-standard-item qodef-tours-row-item post-3992 tour-item type-tour-item status-publish has-post-thumbnail hentry tour-category-3-estrellas tour-category-hospedaje\">\n\t\t\t<div class=\"qodef-tours-standard-item-image-holder\">\n\t\t\t<a href=\"http:\/\/187.157.177.119\/pruebas\/turismo\/tour-item\/mary-carmen\/\">\n\t\t\t\t<img width=\"920\" height=\"760\" src=\"http:\/\/187.157.177.119\/pruebas\/turismo\/wp-content\/uploads\/2022\/10\/mary-carmen-listas-1.jpg\" class=\"attachment-full size-full\" alt=\"\" loading=\"lazy\" srcset=\"http:\/\/187.157.177.119\/pruebas\/turismo\/wp-content\/uploads\/2022\/10\/mary-carmen-listas-1.jpg 920w, http:\/\/187.157.177.119\/pruebas\/turismo\/wp-content\/uploads\/2022\/10\/mary-carmen-listas-1-300x248.jpg 300w, http:\/\/187.157.177.119\/pruebas\/turismo\/wp-content\/uploads\/2022\/10\/mary-carmen-listas-1-768x634.jpg 768w\" sizes=\"(max-width: 920px) 100vw, 920px\" \/>\t\t\t<\/a>\n\t\t\t\t\t<\/div>\n\t\n\t<div class=\"qodef-tours-standard-item-content-holder\">\n\t\t<div class=\"qodef-tours-standard-item-content-inner\">\n\t\t\t<div class=\"qodef-tours-standard-item-title-price-holder\">\n\t\t\t\t<h4 class=\"qodef-tour-title\">\n\t\t\t\t\t<a href=\"http:\/\/187.157.177.119\/pruebas\/turismo\/tour-item\/mary-carmen\/\">Mary Carmen<\/a>\n\t\t\t\t<\/h4>\n\t\t\t\t<span class=\"qodef-tours-standard-item-price-holder\">\n\t\t\t\t\t\n\t\t<span class=\"qodef-tours-price-holder\">\n\t\t\t\t\t\t\t\t<\/span>\n\n\t\t\t\t\t\t<\/span>\n\t\t\t<\/div>\n\t\n\t\t\t\t\n\t\t\t\t\t\t\t<div class=\"qodef-tours-standard-item-excerpt\">\n\t\t\t\t\tEl hotel es agradable, c\u00f3modo y tranquilo; Decoraci\u00f3n vintage y encantadora...\t\t\t\t<\/div>\n\t\t\t\t\t<\/div>\n\t\t<div class=\"qodef-tours-standard-item-bottom-content\">\n\t\t\t\n\t\t\t\t\t<\/div>\n\t<\/div>\n<\/div>\t\t<div class=\"qodef-tours-standard-item qodef-tours-row-item post-4040 tour-item type-tour-item status-publish has-post-thumbnail hentry tour-category-4-estrellas tour-category-hospedaje\">\n\t\t\t<div class=\"qodef-tours-standard-item-image-holder\">\n\t\t\t<a href=\"http:\/\/187.157.177.119\/pruebas\/turismo\/tour-item\/casa-mexicana-cozumel\/\">\n\t\t\t\t<img width=\"920\" height=\"760\" src=\"http:\/\/187.157.177.119\/pruebas\/turismo\/wp-content\/uploads\/2022\/10\/casa-mexicana-listas.jpg\" class=\"attachment-full size-full\" alt=\"\" loading=\"lazy\" srcset=\"http:\/\/187.157.177.119\/pruebas\/turismo\/wp-content\/uploads\/2022\/10\/casa-mexicana-listas.jpg 920w, http:\/\/187.157.177.119\/pruebas\/turismo\/wp-content\/uploads\/2022\/10\/casa-mexicana-listas-300x248.jpg 300w, http:\/\/187.157.177.119\/pruebas\/turismo\/wp-content\/uploads\/2022\/10\/casa-mexicana-listas-768x634.jpg 768w\" sizes=\"(max-width: 920px) 100vw, 920px\" \/>\t\t\t<\/a>\n\t\t\t\t\t<\/div>\n\t\n\t<div class=\"qodef-tours-standard-item-content-holder\">\n\t\t<div class=\"qodef-tours-standard-item-content-inner\">\n\t\t\t<div class=\"qodef-tours-standard-item-title-price-holder\">\n\t\t\t\t<h4 class=\"qodef-tour-title\">\n\t\t\t\t\t<a href=\"http:\/\/187.157.177.119\/pruebas\/turismo\/tour-item\/casa-mexicana-cozumel\/\">Casa Mexicana Cozumel<\/a>\n\t\t\t\t<\/h4>\n\t\t\t\t<span class=\"qodef-tours-standard-item-price-holder\">\n\t\t\t\t\t\n\t\t<span class=\"qodef-tours-price-holder\">\n\t\t\t\t\t\t\t\t<\/span>\n\n\t\t\t\t\t\t<\/span>\n\t\t\t<\/div>\n\t\n\t\t\t\t\n\t\t\t\t\t\t\t<div class=\"qodef-tours-standard-item-excerpt\">\n\t\t\t\t\tSituado a orillas del Mar Caribe en el coraz\u00f3n del centro de Cozumel sobre Rafael E. Melgar Avenida...\t\t\t\t<\/div>\n\t\t\t\t\t<\/div>\n\t\t<div class=\"qodef-tours-standard-item-bottom-content\">\n\t\t\t\n\t\t\t\t\t<\/div>\n\t<\/div>\n<\/div>\t\t<\/div>\n\n\t\t\t\t\t<div class=\"qodef-tours-pagination-holder qodef-tours-pagination-load-more\">\n\t\t\t\t\t\t\t\t\t<a itemprop=\"url\" href=\"#\" target=\"_self\"  class=\"qodef-btn qodef-btn-medium qodef-btn-simple qodef-tours-load-more-button\"  data-loading-label=\"Cargando...\">\n    <span class=\"qodef-btn-text\">Cargar m\u00e1s<\/span>\n    <\/a>\t\t\t\t\t\t\t<\/div>\n\n\t\t\n\n\t\t<\/div>[vc_empty_space][\/vc_column][\/vc_row][vc_row full_width=&#8221;stretch_row_content_no_spaces&#8221;][vc_column][vc_single_image image=&#8221;3352&#8243; img_size=&#8221;full&#8221;][\/vc_column][\/vc_row][vc_row full_width=&#8221;stretch_row_content_no_spaces&#8221;][vc_column][vc_single_image image=&#8221;3378&#8243; img_size=&#8221;full&#8221; el_class=&#8221;opacidad-50&#8243;][\/vc_column][\/vc_row]<\/p>\n","protected":false},"excerpt":{"rendered":"<p>[vc_row full_width=&#8221;stretch_row&#8221;][vc_column][vc_column_text] SE UN COZUMELE\u00d1O POR UNOS D\u00cdAS En Cozumel, contamos con varias opciones de hospedaje para que tengas un sitio donde descansar despu\u00e9s de recorrer los atractivos del cielo en la tierra en Cozumel. [\/vc_column_text][vc_empty_space][vc_wp_search][vc_empty_space][\/vc_column][\/vc_row][vc_row full_width=&#8221;stretch_row_content_no_spaces&#8221;][vc_column][vc_single_image image=&#8221;3352&#8243; img_size=&#8221;full&#8221;][\/vc_column][\/vc_row][vc_row full_width=&#8221;stretch_row_content_no_spaces&#8221;][vc_column][vc_single_image image=&#8221;3378&#8243; img_size=&#8221;full&#8221; el_class=&#8221;opacidad-50&#8243;][\/vc_column][\/vc_row]<\/p>\n","protected":false},"author":1,"featured_media":0,"parent":0,"menu_order":0,"comment_status":"closed","ping_status":"closed","template":"","meta":[],"_links":{"self":[{"href":"http:\/\/187.157.177.119\/pruebas\/turismo\/wp-json\/wp\/v2\/pages\/3361"}],"collection":[{"href":"http:\/\/187.157.177.119\/pruebas\/turismo\/wp-json\/wp\/v2\/pages"}],"about":[{"href":"http:\/\/187.157.177.119\/pruebas\/turismo\/wp-json\/wp\/v2\/types\/page"}],"author":[{"embeddable":true,"href":"http:\/\/187.157.177.119\/pruebas\/turismo\/wp-json\/wp\/v2\/users\/1"}],"replies":[{"embeddable":true,"href":"http:\/\/187.157.177.119\/pruebas\/turismo\/wp-json\/wp\/v2\/comments?post=3361"}],"version-history":[{"count":0,"href":"http:\/\/187.157.177.119\/pruebas\/turismo\/wp-json\/wp\/v2\/pages\/3361\/revisions"}],"wp:attachment":[{"href":"http:\/\/187.157.177.119\/pruebas\/turismo\/wp-json\/wp\/v2\/media?parent=3361"}],"curies":[{"name":"wp","href":"https:\/\/api.w.org\/{rel}","templated":true}]}}